{"id":3036,"date":"2023-01-10T20:24:40","date_gmt":"2023-01-10T23:24:40","guid":{"rendered":"http:\/\/localhost\/sb19\/?page_id=3036"},"modified":"2024-04-04T11:30:08","modified_gmt":"2024-04-04T14:30:08","slug":"fenaset","status":"publish","type":"page","link":"https:\/\/seniorsbrasil.com.br\/etapa2023\/fenaset\/","title":{"rendered":"FENASET"},"content":{"rendered":"\r\n<div class=\"wp-block-image\">\r\n<figure class=\"alignleft\"><img decoding=\"async\" class=\"wp-image-3103\" src=\"https:\/\/seniorsbrasil.com.br\/etapa2023\/wp-content\/uploads\/2024\/04\/diretoria-FENASET-2019-300x218-1.jpeg\" alt=\"\">\r\n<figcaption>Foto: Divulga\u00e7\u00e3o<\/figcaption>\r\n<\/figure>\r\n<\/div>\r\n\r\n\r\n\r\n<p><strong>O que \u00e9 a FENASET?<\/strong><\/p>\r\n\r\n\r\n\r\n<p>A Federa\u00e7\u00e3o Nacional do Atleta Senior de T\u00eanis do Brasil foi fundada em 24\/09\/2014. \u00c9 pessoa jur\u00eddica de direito privado, sem fins lucrativos, formada por seus associados entusiastas da pr\u00e1tica do t\u00eanis senior.<\/p>\r\n\r\n\r\n\r\n<p>Ela foi criada pelos pr\u00f3prios tenistas que jogavam regularmente etapas do calend\u00e1rio nacional CBT e ITF, insatisfeitos com a forma como vinham sendo conduzidos e administrados os torneios no Brasil.<\/p>\r\n\r\n\r\n\r\n<p>A miss\u00e3o da Entidade \u00e9 de buscar criar melhores condi\u00e7\u00f5es para os torneios e a participa\u00e7\u00e3o dos tenistas, representando e defendendo os seniors junto \u00e0 CBT, COSAT e ITF.<\/p>\r\n<p>&nbsp;<\/p>\r\n\r\n\r\n\r\n<p><strong>Principais Realiza\u00e7\u00f5es<\/strong><\/p>\r\n\r\n\r\n\r\n<p>Decorridos pouco mais de 4 anos de sua exist\u00eancia, pode-se relacionar as seguintes conquistas e a\u00e7\u00f5es para os seniors:<\/p>\r\n\r\n\r\n\r\n<p>\u2013 Um \u00f3timo ambiente de relacionamento e parceria com a CBT\/COSAT\/ITF. federa\u00e7\u00f5es, organizadores&nbsp;de torneios e jogadores.<\/p>\r\n\r\n\r\n\r\n<p>\u2013 Delega\u00e7\u00e3o por parte da CBT para elabora\u00e7\u00e3o do Calend\u00e1rio de Torneios (substitui\u00e7\u00e3o de locais de dif\u00edcil acesso e baixa atratividade por outros em capitais, em clubes com \u00f3tima infraestrutura), revis\u00e3o do Regulamento Seniors, revis\u00e3o do Caderno de Encargos, revis\u00e3o dos Crit\u00e9rios de Convoca\u00e7\u00e3o de Equipe para os Mundiais, emiss\u00e3o de carta ao Minist\u00e9rio dos Esporte para libera\u00e7\u00e3o de tenistas funcion\u00e1rios de empresas p\u00fablicas para competi\u00e7\u00f5es.<\/p>\r\n\r\n\r\n\r\n<p>\u2013 Resolu\u00e7\u00e3o de problemas diversos dos tenistas junto \u00e0 CBT e ITF (IPIN, inscri\u00e7\u00f5es, pontua\u00e7\u00e3o, fact sheet, etc)&nbsp;<\/p>\r\n\r\n\r\n\r\n<p><strong>Composi\u00e7\u00e3o<\/strong><\/p>\r\n\r\n\r\n\r\n<p>A FENASET \u00e9 constitu\u00edda por uma Diretoria Executiva (DE), Conselho Deliberativo (CD) e Conselho Fiscal (CF).&nbsp;<\/p>\r\n\r\n\r\n\r\n<p>A atual gest\u00e3o (bi\u00eanio 2019 \u2013 2020) tem a seguinte composi\u00e7\u00e3o:<\/p>\r\n\r\n\r\n\r\n<p>Presidente da DE: Amadeu Fa\u00e7anha<br>Vice-Presidente: Wong Kwan<br>Secret\u00e1rio-Geral: Luiz Heeren<br>Diretora Jur\u00eddica: Diva Menechelli<br>Diretor T\u00e9cnico: Alexandre Lobo<br>Diretor Financeiro: Wilson Bertei<br>Representante dos Atletas: Roger Guedes<br>Colaboradores: F\u00e1tima Kreimer, Fernando Doria e Felipe Munno<br>Presidente do CD: Galba Couto<br>Secret\u00e1ria: Tania Candemil<\/p>\r\n\r\n\r\n\r\n<p>Conselheiros: Marcelo Krebs, Marcio Iorio, Alberto Kieling, Telmo Xavier, Gerson Rezende, Jo\u00e3o Sucupira, Eduardo Peixoto, Ricor da Silveira, Carlos Paz, Washington Nilo<\/p>\r\n\r\n\r\n\r\n<p>Presidente do CF: Nelson Germann<br>Conselheiros: Mario Larangeira, Jurandir Sebasti\u00e3o<\/p>\r\n\r\n<p><strong>Financeiro<\/strong><\/p>\r\n<!-- \/wp:paragraph -->\r\n\r\n<!-- wp:paragraph -->\r\n<p>Como Federa\u00e7\u00e3o Nacional, a entidade tem custos obrigat\u00f3rios por Lei para a sua organiza\u00e7\u00e3o e funcionamento.&nbsp; Ela vive exclusivamente de doa\u00e7\u00f5es e contribui\u00e7\u00f5es\/anuidades de seus associados. A sua capacidade de realiza\u00e7\u00f5es est\u00e1 diretamente relacionada com o volume destas contribui\u00e7\u00f5es, de forma regular.<\/p>\r\n<!-- \/wp:paragraph -->\r\n\r\n<!-- wp:paragraph -->\r\n<p>Durante cerca de 2 anos, as despesas foram bancadas pelos membros da DE. Em 2018, devido \u00e0 inexist\u00eancia de receita, discutiu-se a extin\u00e7\u00e3o da Entidade.<\/p>\r\n<!-- \/wp:paragraph -->\r\n\r\n<!-- wp:paragraph -->\r\n<p>Num \u00faltimo esfor\u00e7o, elaborou-se um Planejamento Estrat\u00e9gico (A\u00e7\u00f5es e Metas) e uma Campanha de Capta\u00e7\u00e3o, onde um grupo de tenistas fez doa\u00e7\u00f5es dando sobrevida \u00e0 Entidade. Posteriormente, realizou-se uma outra Campanha visando a ades\u00e3o de Associados com o pagamento da anuidade 2019. Conta atualmente (abril 2019) com 88 AAs (Associados Adimplentes), ainda insuficientes para cumprir as metas de 2019. Relat\u00f3rios de Atividades trimestrais tem sido enviados aos AAs dando governan\u00e7a e transpar\u00eancia \u00e0s a\u00e7\u00f5es realizadas, receitas e despesas, planejamento, not\u00edcias, etc.<\/p>\r\n<!-- \/wp:paragraph -->","protected":false},"excerpt":{"rendered":"<p>O que \u00e9 a FENASET? A Federa\u00e7\u00e3o Nacional do Atleta Senior de T\u00eanis do Brasil foi fundada em 24\/09\/2014. \u00c9 pessoa jur\u00eddica de direito privado, sem fins lucrativos, formada por seus associados entusiastas da pr\u00e1tica do t\u00eanis senior. Ela foi criada pelos pr\u00f3prios tenistas que jogavam regularmente etapas do calend\u00e1rio nacional CBT e ITF, insatisfeitos [&hellip;]<\/p>\n","protected":false},"author":2,"featured_media":0,"parent":0,"menu_order":10,"comment_status":"closed","ping_status":"closed","template":"","meta":{"ngg_post_thumbnail":0,"footnotes":""},"yoast_head":"<!-- This site is optimized with the Yoast SEO Premium plugin v20.6 (Yoast SEO v23.0) - https:\/\/yoast.com\/wordpress\/plugins\/seo\/ -->\n<title>FENASET - Seniors Brasil 2023<\/title>\n<meta name=\"robots\" content=\"index, follow, max-snippet:-1, max-image-preview:large, max-video-preview:-1\" \/>\n<link rel=\"canonical\" href=\"https:\/\/seniorsbrasil.com.br\/etapa2023\/fenaset\/\" \/>\n<meta property=\"og:locale\" content=\"pt_BR\" \/>\n<meta property=\"og:type\" content=\"article\" \/>\n<meta property=\"og:title\" content=\"FENASET\" \/>\n<meta property=\"og:description\" content=\"O que \u00e9 a FENASET? A Federa\u00e7\u00e3o Nacional do Atleta Senior de T\u00eanis do Brasil foi fundada em 24\/09\/2014. \u00c9 pessoa jur\u00eddica de direito privado, sem fins lucrativos, formada por seus associados entusiastas da pr\u00e1tica do t\u00eanis senior. Ela foi criada pelos pr\u00f3prios tenistas que jogavam regularmente etapas do calend\u00e1rio nacional CBT e ITF, insatisfeitos [&hellip;]\" \/>\n<meta property=\"og:url\" content=\"https:\/\/seniorsbrasil.com.br\/etapa2023\/fenaset\/\" \/>\n<meta property=\"og:site_name\" content=\"Seniors Brasil 2023\" \/>\n<meta property=\"article:modified_time\" content=\"2024-04-04T14:30:08+00:00\" \/>\n<meta property=\"og:image\" content=\"https:\/\/seniorsbrasil.com.br\/etapa2023\/wp-content\/uploads\/2024\/04\/diretoria-FENASET-2019-300x218-1.jpeg\" \/>\n<meta name=\"twitter:card\" content=\"summary_large_image\" \/>\n<meta name=\"twitter:label1\" content=\"Est. tempo de leitura\" \/>\n\t<meta name=\"twitter:data1\" content=\"3 minutos\" \/>\n<script type=\"application\/ld+json\" class=\"yoast-schema-graph\">{\"@context\":\"https:\/\/schema.org\",\"@graph\":[{\"@type\":\"WebPage\",\"@id\":\"https:\/\/seniorsbrasil.com.br\/etapa2023\/fenaset\/\",\"url\":\"https:\/\/seniorsbrasil.com.br\/etapa2023\/fenaset\/\",\"name\":\"FENASET - Seniors Brasil 2023\",\"isPartOf\":{\"@id\":\"https:\/\/seniorsbrasil.com.br\/etapa2023\/#website\"},\"primaryImageOfPage\":{\"@id\":\"https:\/\/seniorsbrasil.com.br\/etapa2023\/fenaset\/#primaryimage\"},\"image\":{\"@id\":\"https:\/\/seniorsbrasil.com.br\/etapa2023\/fenaset\/#primaryimage\"},\"thumbnailUrl\":\"https:\/\/seniorsbrasil.com.br\/etapa2023\/wp-content\/uploads\/2024\/04\/diretoria-FENASET-2019-300x218-1.jpeg\",\"datePublished\":\"2023-01-10T23:24:40+00:00\",\"dateModified\":\"2024-04-04T14:30:08+00:00\",\"breadcrumb\":{\"@id\":\"https:\/\/seniorsbrasil.com.br\/etapa2023\/fenaset\/#breadcrumb\"},\"inLanguage\":\"pt-BR\",\"potentialAction\":[{\"@type\":\"ReadAction\",\"target\":[\"https:\/\/seniorsbrasil.com.br\/etapa2023\/fenaset\/\"]}]},{\"@type\":\"ImageObject\",\"inLanguage\":\"pt-BR\",\"@id\":\"https:\/\/seniorsbrasil.com.br\/etapa2023\/fenaset\/#primaryimage\",\"url\":\"\",\"contentUrl\":\"\"},{\"@type\":\"BreadcrumbList\",\"@id\":\"https:\/\/seniorsbrasil.com.br\/etapa2023\/fenaset\/#breadcrumb\",\"itemListElement\":[{\"@type\":\"ListItem\",\"position\":1,\"name\":\"Home\",\"item\":\"https:\/\/seniorsbrasil.com.br\/etapa2023\/\"},{\"@type\":\"ListItem\",\"position\":2,\"name\":\"FENASET\"}]},{\"@type\":\"WebSite\",\"@id\":\"https:\/\/seniorsbrasil.com.br\/etapa2023\/#website\",\"url\":\"https:\/\/seniorsbrasil.com.br\/etapa2023\/\",\"name\":\"Seniors Brasil 2023\",\"description\":\"Circuito Seniors Brasil 2023\",\"potentialAction\":[{\"@type\":\"SearchAction\",\"target\":{\"@type\":\"EntryPoint\",\"urlTemplate\":\"https:\/\/seniorsbrasil.com.br\/etapa2023\/?s={search_term_string}\"},\"query-input\":\"required name=search_term_string\"}],\"inLanguage\":\"pt-BR\"}]}<\/script>\n<!-- \/ Yoast SEO Premium plugin. -->","yoast_head_json":{"title":"FENASET - Seniors Brasil 2023","robots":{"index":"index","follow":"follow","max-snippet":"max-snippet:-1","max-image-preview":"max-image-preview:large","max-video-preview":"max-video-preview:-1"},"canonical":"https:\/\/seniorsbrasil.com.br\/etapa2023\/fenaset\/","og_locale":"pt_BR","og_type":"article","og_title":"FENASET","og_description":"O que \u00e9 a FENASET? A Federa\u00e7\u00e3o Nacional do Atleta Senior de T\u00eanis do Brasil foi fundada em 24\/09\/2014. \u00c9 pessoa jur\u00eddica de direito privado, sem fins lucrativos, formada por seus associados entusiastas da pr\u00e1tica do t\u00eanis senior. Ela foi criada pelos pr\u00f3prios tenistas que jogavam regularmente etapas do calend\u00e1rio nacional CBT e ITF, insatisfeitos [&hellip;]","og_url":"https:\/\/seniorsbrasil.com.br\/etapa2023\/fenaset\/","og_site_name":"Seniors Brasil 2023","article_modified_time":"2024-04-04T14:30:08+00:00","og_image":[{"url":"https:\/\/seniorsbrasil.com.br\/etapa2023\/wp-content\/uploads\/2024\/04\/diretoria-FENASET-2019-300x218-1.jpeg"}],"twitter_card":"summary_large_image","twitter_misc":{"Est. tempo de leitura":"3 minutos"},"schema":{"@context":"https:\/\/schema.org","@graph":[{"@type":"WebPage","@id":"https:\/\/seniorsbrasil.com.br\/etapa2023\/fenaset\/","url":"https:\/\/seniorsbrasil.com.br\/etapa2023\/fenaset\/","name":"FENASET - Seniors Brasil 2023","isPartOf":{"@id":"https:\/\/seniorsbrasil.com.br\/etapa2023\/#website"},"primaryImageOfPage":{"@id":"https:\/\/seniorsbrasil.com.br\/etapa2023\/fenaset\/#primaryimage"},"image":{"@id":"https:\/\/seniorsbrasil.com.br\/etapa2023\/fenaset\/#primaryimage"},"thumbnailUrl":"https:\/\/seniorsbrasil.com.br\/etapa2023\/wp-content\/uploads\/2024\/04\/diretoria-FENASET-2019-300x218-1.jpeg","datePublished":"2023-01-10T23:24:40+00:00","dateModified":"2024-04-04T14:30:08+00:00","breadcrumb":{"@id":"https:\/\/seniorsbrasil.com.br\/etapa2023\/fenaset\/#breadcrumb"},"inLanguage":"pt-BR","potentialAction":[{"@type":"ReadAction","target":["https:\/\/seniorsbrasil.com.br\/etapa2023\/fenaset\/"]}]},{"@type":"ImageObject","inLanguage":"pt-BR","@id":"https:\/\/seniorsbrasil.com.br\/etapa2023\/fenaset\/#primaryimage","url":"","contentUrl":""},{"@type":"BreadcrumbList","@id":"https:\/\/seniorsbrasil.com.br\/etapa2023\/fenaset\/#breadcrumb","itemListElement":[{"@type":"ListItem","position":1,"name":"Home","item":"https:\/\/seniorsbrasil.com.br\/etapa2023\/"},{"@type":"ListItem","position":2,"name":"FENASET"}]},{"@type":"WebSite","@id":"https:\/\/seniorsbrasil.com.br\/etapa2023\/#website","url":"https:\/\/seniorsbrasil.com.br\/etapa2023\/","name":"Seniors Brasil 2023","description":"Circuito Seniors Brasil 2023","potentialAction":[{"@type":"SearchAction","target":{"@type":"EntryPoint","urlTemplate":"https:\/\/seniorsbrasil.com.br\/etapa2023\/?s={search_term_string}"},"query-input":"required name=search_term_string"}],"inLanguage":"pt-BR"}]}},"_links":{"self":[{"href":"https:\/\/seniorsbrasil.com.br\/etapa2023\/wp-json\/wp\/v2\/pages\/3036"}],"collection":[{"href":"https:\/\/seniorsbrasil.com.br\/etapa2023\/wp-json\/wp\/v2\/pages"}],"about":[{"href":"https:\/\/seniorsbrasil.com.br\/etapa2023\/wp-json\/wp\/v2\/types\/page"}],"author":[{"embeddable":true,"href":"https:\/\/seniorsbrasil.com.br\/etapa2023\/wp-json\/wp\/v2\/users\/2"}],"replies":[{"embeddable":true,"href":"https:\/\/seniorsbrasil.com.br\/etapa2023\/wp-json\/wp\/v2\/comments?post=3036"}],"version-history":[{"count":4,"href":"https:\/\/seniorsbrasil.com.br\/etapa2023\/wp-json\/wp\/v2\/pages\/3036\/revisions"}],"predecessor-version":[{"id":4985,"href":"https:\/\/seniorsbrasil.com.br\/etapa2023\/wp-json\/wp\/v2\/pages\/3036\/revisions\/4985"}],"wp:attachment":[{"href":"https:\/\/seniorsbrasil.com.br\/etapa2023\/wp-json\/wp\/v2\/media?parent=3036"}],"curies":[{"name":"wp","href":"https:\/\/api.w.org\/{rel}","templated":true}]}}