{"id":3002,"date":"2025-05-01T10:34:34","date_gmt":"2025-05-01T13:34:34","guid":{"rendered":"http:\/\/seniorsbrasil.com.br\/etapa2014\/?page_id=32"},"modified":"2025-05-05T11:42:04","modified_gmt":"2025-05-05T14:42:04","slug":"tenis-virtual","status":"publish","type":"page","link":"https:\/\/seniorsbrasil.com.br\/etapa2025\/tenis-virtual\/","title":{"rendered":"T\u00eanis Virtual"},"content":{"rendered":"<p><img decoding=\"async\" class=\"size-full wp-image-4974 alignleft\" src=\"https:\/\/seniorsbrasil.com.br\/etapa2025\/wp-content\/uploads\/2024\/04\/tenisvirtual.png\" alt=\"\" width=\"167\" height=\"160\">O Grupo T\u00eanis Virtual desenvolve solu\u00e7\u00f5es de publicidade digital e gr\u00e1fica para clientes de todos os segmentos trabalhando de forma integrada em consultoria e planejamento estrat\u00e9gico.<\/p>\n<p>Nossas solu\u00e7\u00f5es possibilitam maior oportunidade de neg\u00f3cios com a melhor rela\u00e7\u00e3o custo-benef\u00edcio do mercado!<\/p>\n<p>&nbsp;<\/p>\n<p><strong>\u2013 Websites<\/strong><br \/>\nCria\u00e7\u00e3o e desenvolvimento de websites, utilizando diversas programa\u00e7\u00f5es procurando atender as reais necessidades de cada cliente.<\/p>\n<p><strong>\u2013 E-mail Marketing<\/strong><br \/>\nCampanha de e-mail marketing visa o aumento de audi\u00eancia qualificada, capta\u00e7\u00e3o de novos clientes e maior visibilidade de seus produtos.<\/p>\n<p><strong>\u2013 E-Commerce<\/strong><br \/>\nLoja virtual com flexibilidade e design moderno utilizando a plataforma de e-commerce mais premiada do mundo.<\/p>\n<p><strong>\u2013 Links Patrocinados<\/strong><br \/>\nExperi\u00eancia em campanhas de links patrocinados no Google para aumentar a convers\u00e3o de cliques em vendas.<\/p>\n<p><strong>\u2013 Otimiza\u00e7\u00e3o de Sites<\/strong><br \/>\nUtilizando t\u00e9cnicas de SEO (Search Engine Optimization) para o melhor posicionamento do seu site no Google.<\/p>\n<p><strong>\u2013 M\u00eddias Sociais<\/strong><br \/>\nAtrav\u00e9s das m\u00eddias sociais sua empresa se aproxima diretamente de seus clientes e transforma seus neg\u00f3cios em resultados.<\/p>\n<p>Para entrar em contato conosco envie e-mail para: <a href=\"mailto:projetos@tenisvirtual.com.br\" target=\"_blank\" rel=\"noopener\">projetos@tenisvirtual.com.br<\/a><\/p>\n<p>Trabalhar com seriedade e transpar\u00eancia \u00e9 a nossa principal caracter\u00edstica!<\/p>\n","protected":false},"excerpt":{"rendered":"<p>O Grupo T\u00eanis Virtual desenvolve solu\u00e7\u00f5es de publicidade digital e gr\u00e1fica para clientes de todos os segmentos trabalhando de forma integrada em consultoria e planejamento estrat\u00e9gico. Nossas solu\u00e7\u00f5es possibilitam maior oportunidade de neg\u00f3cios com a melhor rela\u00e7\u00e3o custo-benef\u00edcio do mercado! &nbsp; \u2013 Websites Cria\u00e7\u00e3o e desenvolvimento de websites, utilizando diversas programa\u00e7\u00f5es procurando atender as reais [&hellip;]<\/p>\n","protected":false},"author":2,"featured_media":0,"parent":0,"menu_order":4,"comment_status":"closed","ping_status":"closed","template":"","meta":{"ngg_post_thumbnail":0,"footnotes":""},"class_list":["post-3002","page","type-page","status-publish","hentry"],"yoast_head":"<!-- This site is optimized with the Yoast SEO Premium plugin v20.6 (Yoast SEO v25.8) - https:\/\/yoast.com\/wordpress\/plugins\/seo\/ -->\n<title>T\u00eanis Virtual - Seniors Brasil 2025<\/title>\n<meta name=\"robots\" content=\"index, follow, max-snippet:-1, max-image-preview:large, max-video-preview:-1\" \/>\n<link rel=\"canonical\" href=\"https:\/\/seniorsbrasil.com.br\/etapa2025\/tenis-virtual\/\" \/>\n<meta property=\"og:locale\" content=\"pt_BR\" \/>\n<meta property=\"og:type\" content=\"article\" \/>\n<meta property=\"og:title\" content=\"T\u00eanis Virtual\" \/>\n<meta property=\"og:description\" content=\"O Grupo T\u00eanis Virtual desenvolve solu\u00e7\u00f5es de publicidade digital e gr\u00e1fica para clientes de todos os segmentos trabalhando de forma integrada em consultoria e planejamento estrat\u00e9gico. Nossas solu\u00e7\u00f5es possibilitam maior oportunidade de neg\u00f3cios com a melhor rela\u00e7\u00e3o custo-benef\u00edcio do mercado! &nbsp; \u2013 Websites Cria\u00e7\u00e3o e desenvolvimento de websites, utilizando diversas programa\u00e7\u00f5es procurando atender as reais [&hellip;]\" \/>\n<meta property=\"og:url\" content=\"https:\/\/seniorsbrasil.com.br\/etapa2025\/tenis-virtual\/\" \/>\n<meta property=\"og:site_name\" content=\"Seniors Brasil 2025\" \/>\n<meta property=\"article:modified_time\" content=\"2025-05-05T14:42:04+00:00\" \/>\n<meta property=\"og:image\" content=\"https:\/\/seniorsbrasil.com.br\/etapa2025\/wp-content\/uploads\/2024\/04\/tenisvirtual.png\" \/>\n\t<meta property=\"og:image:width\" content=\"167\" \/>\n\t<meta property=\"og:image:height\" content=\"160\" \/>\n\t<meta property=\"og:image:type\" content=\"image\/png\" \/>\n<meta name=\"twitter:card\" content=\"summary_large_image\" \/>\n<meta name=\"twitter:label1\" content=\"Est. tempo de leitura\" \/>\n\t<meta name=\"twitter:data1\" content=\"2 minutos\" \/>\n<script type=\"application\/ld+json\" class=\"yoast-schema-graph\">{\"@context\":\"https:\/\/schema.org\",\"@graph\":[{\"@type\":\"WebPage\",\"@id\":\"https:\/\/seniorsbrasil.com.br\/etapa2025\/tenis-virtual\/\",\"url\":\"https:\/\/seniorsbrasil.com.br\/etapa2025\/tenis-virtual\/\",\"name\":\"T\u00eanis Virtual - Seniors Brasil 2025\",\"isPartOf\":{\"@id\":\"https:\/\/seniorsbrasil.com.br\/etapa2025\/#website\"},\"primaryImageOfPage\":{\"@id\":\"https:\/\/seniorsbrasil.com.br\/etapa2025\/tenis-virtual\/#primaryimage\"},\"image\":{\"@id\":\"https:\/\/seniorsbrasil.com.br\/etapa2025\/tenis-virtual\/#primaryimage\"},\"thumbnailUrl\":\"https:\/\/seniorsbrasil.com.br\/etapa2025\/wp-content\/uploads\/2024\/04\/tenisvirtual.png\",\"datePublished\":\"2025-05-01T13:34:34+00:00\",\"dateModified\":\"2025-05-05T14:42:04+00:00\",\"breadcrumb\":{\"@id\":\"https:\/\/seniorsbrasil.com.br\/etapa2025\/tenis-virtual\/#breadcrumb\"},\"inLanguage\":\"pt-BR\",\"potentialAction\":[{\"@type\":\"ReadAction\",\"target\":[\"https:\/\/seniorsbrasil.com.br\/etapa2025\/tenis-virtual\/\"]}]},{\"@type\":\"ImageObject\",\"inLanguage\":\"pt-BR\",\"@id\":\"https:\/\/seniorsbrasil.com.br\/etapa2025\/tenis-virtual\/#primaryimage\",\"url\":\"https:\/\/seniorsbrasil.com.br\/etapa2025\/wp-content\/uploads\/2024\/04\/tenisvirtual.png\",\"contentUrl\":\"https:\/\/seniorsbrasil.com.br\/etapa2025\/wp-content\/uploads\/2024\/04\/tenisvirtual.png\",\"width\":167,\"height\":160},{\"@type\":\"BreadcrumbList\",\"@id\":\"https:\/\/seniorsbrasil.com.br\/etapa2025\/tenis-virtual\/#breadcrumb\",\"itemListElement\":[{\"@type\":\"ListItem\",\"position\":1,\"name\":\"Home\",\"item\":\"https:\/\/seniorsbrasil.com.br\/etapa2025\/\"},{\"@type\":\"ListItem\",\"position\":2,\"name\":\"T\u00eanis Virtual\"}]},{\"@type\":\"WebSite\",\"@id\":\"https:\/\/seniorsbrasil.com.br\/etapa2025\/#website\",\"url\":\"https:\/\/seniorsbrasil.com.br\/etapa2025\/\",\"name\":\"Seniors Brasil 2025\",\"description\":\"Circuito Seniors Brasil 2025\",\"potentialAction\":[{\"@type\":\"SearchAction\",\"target\":{\"@type\":\"EntryPoint\",\"urlTemplate\":\"https:\/\/seniorsbrasil.com.br\/etapa2025\/?s={search_term_string}\"},\"query-input\":{\"@type\":\"PropertyValueSpecification\",\"valueRequired\":true,\"valueName\":\"search_term_string\"}}],\"inLanguage\":\"pt-BR\"}]}<\/script>\n<!-- \/ Yoast SEO Premium plugin. -->","yoast_head_json":{"title":"T\u00eanis Virtual - Seniors Brasil 2025","robots":{"index":"index","follow":"follow","max-snippet":"max-snippet:-1","max-image-preview":"max-image-preview:large","max-video-preview":"max-video-preview:-1"},"canonical":"https:\/\/seniorsbrasil.com.br\/etapa2025\/tenis-virtual\/","og_locale":"pt_BR","og_type":"article","og_title":"T\u00eanis Virtual","og_description":"O Grupo T\u00eanis Virtual desenvolve solu\u00e7\u00f5es de publicidade digital e gr\u00e1fica para clientes de todos os segmentos trabalhando de forma integrada em consultoria e planejamento estrat\u00e9gico. Nossas solu\u00e7\u00f5es possibilitam maior oportunidade de neg\u00f3cios com a melhor rela\u00e7\u00e3o custo-benef\u00edcio do mercado! &nbsp; \u2013 Websites Cria\u00e7\u00e3o e desenvolvimento de websites, utilizando diversas programa\u00e7\u00f5es procurando atender as reais [&hellip;]","og_url":"https:\/\/seniorsbrasil.com.br\/etapa2025\/tenis-virtual\/","og_site_name":"Seniors Brasil 2025","article_modified_time":"2025-05-05T14:42:04+00:00","og_image":[{"width":167,"height":160,"url":"https:\/\/seniorsbrasil.com.br\/etapa2025\/wp-content\/uploads\/2024\/04\/tenisvirtual.png","type":"image\/png"}],"twitter_card":"summary_large_image","twitter_misc":{"Est. tempo de leitura":"2 minutos"},"schema":{"@context":"https:\/\/schema.org","@graph":[{"@type":"WebPage","@id":"https:\/\/seniorsbrasil.com.br\/etapa2025\/tenis-virtual\/","url":"https:\/\/seniorsbrasil.com.br\/etapa2025\/tenis-virtual\/","name":"T\u00eanis Virtual - Seniors Brasil 2025","isPartOf":{"@id":"https:\/\/seniorsbrasil.com.br\/etapa2025\/#website"},"primaryImageOfPage":{"@id":"https:\/\/seniorsbrasil.com.br\/etapa2025\/tenis-virtual\/#primaryimage"},"image":{"@id":"https:\/\/seniorsbrasil.com.br\/etapa2025\/tenis-virtual\/#primaryimage"},"thumbnailUrl":"https:\/\/seniorsbrasil.com.br\/etapa2025\/wp-content\/uploads\/2024\/04\/tenisvirtual.png","datePublished":"2025-05-01T13:34:34+00:00","dateModified":"2025-05-05T14:42:04+00:00","breadcrumb":{"@id":"https:\/\/seniorsbrasil.com.br\/etapa2025\/tenis-virtual\/#breadcrumb"},"inLanguage":"pt-BR","potentialAction":[{"@type":"ReadAction","target":["https:\/\/seniorsbrasil.com.br\/etapa2025\/tenis-virtual\/"]}]},{"@type":"ImageObject","inLanguage":"pt-BR","@id":"https:\/\/seniorsbrasil.com.br\/etapa2025\/tenis-virtual\/#primaryimage","url":"https:\/\/seniorsbrasil.com.br\/etapa2025\/wp-content\/uploads\/2024\/04\/tenisvirtual.png","contentUrl":"https:\/\/seniorsbrasil.com.br\/etapa2025\/wp-content\/uploads\/2024\/04\/tenisvirtual.png","width":167,"height":160},{"@type":"BreadcrumbList","@id":"https:\/\/seniorsbrasil.com.br\/etapa2025\/tenis-virtual\/#breadcrumb","itemListElement":[{"@type":"ListItem","position":1,"name":"Home","item":"https:\/\/seniorsbrasil.com.br\/etapa2025\/"},{"@type":"ListItem","position":2,"name":"T\u00eanis Virtual"}]},{"@type":"WebSite","@id":"https:\/\/seniorsbrasil.com.br\/etapa2025\/#website","url":"https:\/\/seniorsbrasil.com.br\/etapa2025\/","name":"Seniors Brasil 2025","description":"Circuito Seniors Brasil 2025","potentialAction":[{"@type":"SearchAction","target":{"@type":"EntryPoint","urlTemplate":"https:\/\/seniorsbrasil.com.br\/etapa2025\/?s={search_term_string}"},"query-input":{"@type":"PropertyValueSpecification","valueRequired":true,"valueName":"search_term_string"}}],"inLanguage":"pt-BR"}]}},"_links":{"self":[{"href":"https:\/\/seniorsbrasil.com.br\/etapa2025\/wp-json\/wp\/v2\/pages\/3002","targetHints":{"allow":["GET"]}}],"collection":[{"href":"https:\/\/seniorsbrasil.com.br\/etapa2025\/wp-json\/wp\/v2\/pages"}],"about":[{"href":"https:\/\/seniorsbrasil.com.br\/etapa2025\/wp-json\/wp\/v2\/types\/page"}],"author":[{"embeddable":true,"href":"https:\/\/seniorsbrasil.com.br\/etapa2025\/wp-json\/wp\/v2\/users\/2"}],"replies":[{"embeddable":true,"href":"https:\/\/seniorsbrasil.com.br\/etapa2025\/wp-json\/wp\/v2\/comments?post=3002"}],"version-history":[{"count":11,"href":"https:\/\/seniorsbrasil.com.br\/etapa2025\/wp-json\/wp\/v2\/pages\/3002\/revisions"}],"predecessor-version":[{"id":4976,"href":"https:\/\/seniorsbrasil.com.br\/etapa2025\/wp-json\/wp\/v2\/pages\/3002\/revisions\/4976"}],"wp:attachment":[{"href":"https:\/\/seniorsbrasil.com.br\/etapa2025\/wp-json\/wp\/v2\/media?parent=3002"}],"curies":[{"name":"wp","href":"https:\/\/api.w.org\/{rel}","templated":true}]}}